 + 1 = 2*g - 1, m = -4*r - 8. Determine n(g).
-2
Suppose 0 = -o + 5*n - 3, -3*n + 2*n = o + 3. Let y(v) = -5*v**3 + 2*v**3 - 3*v + 4*v**3 + v**2 + 4. Determine y(o).
-5
Let l(m) = m**3 + 4*m**2 - 5*m + 2. Let p be l(-5). Let j(d) = -d**3 + 3*d**2 - 3*d - 4. Let b(c) = -c**2 + c + 2. Let u(k) = b(k) + j(k). Give u(p).
-6
Suppose 0 = -o + 5*m + 23, -2*o + 0*m + 3*m = -18. Let f be 7/o + (-2)/6. Let g be (-3)/(2/f + -2). Let y(j) = j**2 - 3*j + 1. Determine y(g).
1
Suppose 0 = -j - 5*m - 1 - 12, j - 5 = m. Let l(x) = 5 - 5 - x**2. Let i(f) = 5*f**2 - 2*f + 1. Let s(d) = -i(d) - 6*l(d). Determine s(j).
7
Let j(o) = 5*o + 15. Let m be j(-4). Let s(h) be the third derivative of -h**5/60 - h**4/6 - 2*h**3/3 + 2*h**2. Calculate s(m).
-9
Let t = 0 - -6. Suppose 25 = r - t*r. Let v(a) = 2 + 11 + 10 + a - 17. Determine v(r).
1
Let t(i) = i - 1. Let v(x) = 4*x - 9. Let b(a) = 5*t(a) - v(a). Let k(y) = y - 1. Let p be k(5). Suppose -3*f = p + 5. Give b(f).
1
Let q(f) be the second derivative of -f**3/6 - 4*f. Let y(u) = u**3 - 5*u**2 - 5*u - 3. Let j(s) = 5*q(s) - y(s). What is j(5)?
3
Let g(i) = -i**3 - 2*i**2 - 1. Let j be (-114)/(-9) - (-2)/(-3). Suppose -3*f = -4*q + 33, f = -4*q + 9 + j. Suppose -3*d = -d + q. Give g(d).
8
Let v(m) = -m + 3. Let f(d) = d**2 + 6*d + 7. Let w be f(-5). Let h be -8*1/(-4)*w. Give v(h).
-1
Suppose 0 = -7*y + 5*y - 2. Let d(m) be the third derivative of -m**4/24 - m**3/6 - m**2. Calculate d(y).
0
Suppose 2*n = -t + 4*t, 0 = -4*t. Suppose n*b - 10 = -2*b. Let l(v) = v**2 - 8*v + 6. What is l(b)?
-9
Let l(v) = 2 + 11*v + 2 - 2. Let c(j) = -16*j - 3. Let r(x) = 5*c(x) + 7*l(x). Let u = -3 + 5. What is r(u)?
-7
Let p(w) = 0 - 12*w**2 - 24*w**2 - 8 - w**3 + w + 29*w**2. Determine p(-7).
-15
Let c(o) be the first derivative of o**3/3 - o + 6. Let s be (-1 + 1)/(2 + -3). Let h be (1 + -2)/(1 - s). What is c(h)?
0
Let n(j) = 7 - 1 - j + 1 + 2*j. Let t(f) = 2*f + 15. Let y(b) = -5*n(b) + 2*t(b). What is y(4)?
-9
Let m(x) = x**2 + x**2 - 3*x**2. Let t = -21 - -21. Calculate m(t).
0
Let k(h) = h**3 + 4*h**2 - 6*h - 2. Let n be 5*((-96)/10)/(-4). Let c be (-19)/4 + (-3)/n. Give k(c).
3
Let u(c) = -c**3 + 5*c**2 + 4. Let n be u(5). Let a = -2 + n. Let i(d) be the first derivative of -d**3/3 - 20. What is i(a)?
-4
Let y(v) = -6*v**2 - v + 3. Let s(z) = -z**2 - z - 1. Let h(a) = 5*s(a) - y(a). Calculate h(6).
4
Let r = -50 - -51. Let q(s) = 11*s**2 + 1. Calculate q(r).
12
Let i be (-2)/11 + 12/66. Suppose i = -5*o + 1 + 24. Let l(t) = -t + 4. What is l(o)?
-1
Suppose 0 + 2 = q, 0 = 4*j + 2*q - 8. Suppose 0 = h + 4 - j. Let m(y) = 4*y + 4 + 0*y - 3*y. Calculate m(h).
1
Let g(w) be the second derivative of w**5/60 - w**4/24 - w**3/6 + 3*w**2/2 + 4*w. Let b(a) be the first derivative of g(a). Determine b(0).
-1
Let v = 2 + 4. Suppose 10*m - 8 = v*m. Let p(y) = y - 2. Determine p(m).
0
Let j(k) = -k + 9. Let c(i) = i + 5. Let g be c(-5). Give j(g).
9
Let g(i) = -2*i - 8. Let r be g(-3). Let d(q) = q**2 + 2*q + 1. Determine d(r).
1
Let i(f) = 2*f**2 - 5*f - 6. Let z(v) = 4*v**2 - 11*v - 13. Let b(c) = -9*i(c) + 4*z(c). What is b(-2)?
-8
Suppose 3*u + 6 = 0, 2*y + 0*u + 4*u = -4. Let x(f) = 3 - y - 4 + f. Calculate x(5).
2
Let t(k) = 3*k**2 + 5 + k**3 + 0 + k - 4. Give t(-3).
-2
Let z = 8 + 1. Suppose z*g - 14*g + 15 = 0. Let h(l) be the first derivative of l**3/3 - 3*l**2/2 - 2*l - 1. Calculate h(g).
-2
Let c(x) = x**3 + x**2 + 2*x + 3. Suppose -d + 4*d - 18 = 0. Suppose 0 = -2*r + d, 0*h + 4*h - 5*r = 25. Let p be (8/h)/(2/(-5)). Give c(p).
-5
Let h(c) = -c - 10. Let v(s) = 3*s + 5. Let o be v(-5). Let k be h(o). Let n(f) = -f + 3. What is n(k)?
3
Let o(j) = 0 - 2 + 2 + 3 - j. Determine o(7).
-4
Suppose 12 = 3*y, -28 = 2*i - 6*i - 3*y. Suppose 0 = -2*b + 2*w + 6, 4*w + i = -5*b - 26. Let z(s) = -3*s + 1. What is z(b)?
7
Let q(v) = -3*v**2 - v + 4. Suppose -5*b = -3 - 17. Let j = -14 - -23. Let k(a) = 7*a**2 + a - 8. Let u(s) = b*k(s) + j*q(s). Determine u(4).
0
Let b(a) = -2*a - 2. Suppose 0*h + 4*h = -4. Let w(g) = g + 1. Let s(y) = h*w(y) - b(y). Determine s(0).
1
Suppose 5*f - 3*p - 2*p = 0, -3*p = f - 12. Let u(n) = 2*n**3 - 5*n**2 + 3*n - 2. Determine u(f).
16
Let f be (-3 + 0)*2/(-2). Let q(s) = -f*s - 2*s - 1 + 4*s. Determine q(-1).
0
Let m(t) = 2*t**2 - 2*t - 1. Let y be m(2). Let a(s) = -3*s**2 + 1 + 3*s**2 + s**y + s. Give a(-2).
-9
Let f(q) = 4*q**2 + 0*q - 4*q**2 - 4*q - q**2 - 1. Determine f(-6).
-13
Let h be -4*(-3 - 36/(-16)). Let w(l) = 0 + 2 + 0 - l + 4*l**3 - 4*l**2. Let u(d) = -d**3 + d**2 - 1. Let q(m) = h*u(m) + w(m). Calculate q(0).
-1
Let b(d) = 1. Let g(k) = k - 2 - 3 + 6 + 0. Let j(v) = b(v) - 2*g(v). What is j(-4)?
7
Suppose 0*r - 25 = -5*r. Let p(z) = 3*z**3 + 2*z**2 + 7. Let k(v) = -3*v**2 - 16 - 7*v**3 + 1 - v + 0. Let u(h) = -4*k(h) - 9*p(h). Determine u(r).
-8
Let l be 1 + 2 - (1 + -1). Suppose v + 5*w + 13 = -l*v, -2*v + 2*w = -16. Suppose v*j = -j - 8. Let m(p) = 3*p**2 + 3*p + 3. Give m(j).
9
Let c(k) = -k - 4. Suppose 7*u - 35 = -4*t + 4*u, 4*u - 20 = 0. Let o(g) = -g - 3. Let q be (-126)/33 - (-2)/(-11). Let s(x) = q*c(x) + t*o(x). Give s(3).
-2
Let u(t) be the second derivative of t**3/6 - t**2 - t. Determine u(0).
-2
Let d(x) = x**2 - 2*x - 5. Let v be 5*(-5)/((-100)/(-8)) - 2. Determine d(v).
19
Let v(x) = -2*x**3 + 2*x**2 + x + 2. Let i be v(2). Let z be 1/(1/i)*1. Let o(r) = r + 8. Give o(z).
4
Let c(w) = 1. Let t(b) = b**2 - 4*b + 8. Let p(j) = j**3 - 6*j**2 + 1. Let k be p(6). Let q(n) = k*t(n) - 6*c(n). Suppose -8 = -2*l - 2. Calculate q(l).
-1
Let h(g) = -g + 8. Let l be h(7). Let d(b) = 5*b**2 - 1 + b + 3*b - 3*b. Determine d(l).
5
Suppose 4*n = n + 18. Suppose -x = x + n. Let y(k) be the first derivative of k**3/3 + k**2 - 2*k + 13. What is y(x)?
1
Let r(z) = 2*z**3 + z**2 - 5. Let i(j) = 2*j**3 + j**2 - 4. Let d(g) = 4*i(g) - 3*r(g). What is d(-1)?
-2
Let h(d) be the first derivative of -d**3/3 + 9*d**2/2 - 6*d - 3. Let x be h(8). Let p(k) = x*k + k - 6*k + 1. Determine p(1).
-2
Let h(b) = 2 + b**2 + 9 + 19*b - 7*b. Give h(-9).
-16
Let t(l) = -l**2 + 0*l**3 - l**3 + 1 + 3*l**2. Suppose 0*o + 3*o - j = -16, 3*o + 20 = 5*j. Let k(b) = -b**2 - 6*b - 3. Let y be k(o). Calculate t(y).
1
Let v(m) be the third derivative of -m**6/120 + m**5/10 + 4*m**3/3 + 8*m**2. Calculate v(6).
8
Let t be (-2 - -2)*2/4. Let g(b) = -b + 9. Calculate g(t).
9
Let x(t) = 2*t**2 + t - 6. Let q(a) = a**2 + a - 3. Let y(n) = -13*q(n) + 6*x(n). What is y(-7)?
3
Let d = 29 - 31. Let g(w) = -w - 2. Calculate g(d).
0
Let h(p) = -p**3 - p - 9. Let m(v) = -v**2 - v + 1. Let u(z) = h(z) + 5*m(z). Let g be u(-4). Let j(q) = -q**3 + 0 + 3*q - 2*q**2 + 5*q**2 - 1. Calculate j(g).
-5
Let p = -35 + 28. Let h(x) = x**3 + 8*x**2 + 6*x - 5. Determine h(p).
2
Let g(z) = z**2 - 3*z - 2. Let f be g(4). Let l be f/8 + 14/8. Let x(b) = b + 3 + 9 - 10. What is x(l)?
4
Let z(k) = k**2 + k + 8. Suppose 0 = -3*l - 2*l + 5. Let o be 0/((-3)/l)*-1. Determine z(o).
8
Let p(x) = -6*x + 3. Let h(y) = -4*y**3 - y + 1. Let t be h(1). Let a = -2 - t. Determine p(a).
-9
Let k(q) = q**3 - 5*q**2 + 5*q. Let w be k(4). Suppose -4 = -w*h + 12. Let a(f) = -h + 5 + f**2 - 3*f**2 + 0*f**2. Calculate a(-2).
-7
Suppose -o = -5, -15*k + 5*o - 25 = -17*k. Let g(m) = -2*m**2 + 3*m - 7. Let r(s) = -s**2 + 2*s - 4. Let z(f) = -3*g(f) + 5*r(f). What is z(k)?
1
Let f(t) = t. Let x(o) = -2*o**2 + 0*o**2 + 6 + 3*o**2 - 5*o. Let r be (2 - (-4)/1) + -2. Let a be x(r). Give f(a).
2
Let u(a) = a**2 + 5*a + 3. Suppose -3 + 0 = d. Determine u(d).
-3
Let f be ((-1 - 2) + 1)*2. Let j be -1*f/((-8)/(-10)). Let n(v) = -v**2 + 7*v - 1. Give n(j).
9
Let w(i) = -i + 2. Let q = 1 + -4. Let s = 1 + q. Give w(s).
4
Let t(z) = 0 - 1 - 12*z**3 + 0 + 2*z**2. Let m = -46 - -47. Determine t(m).
-11
Suppose 4 - 22 = -3*c. Let w(h) = -2*h + 5. Calculate w(c).
-7
Let y be 3/(-18) + (-44)/24. Let h(t) = t + 1. Calculate h(y).
-1
Let t(m) = -3*m - 19. Let b = 79 - 87. Calculate t(b).
5
Suppose 4*s + 0*i = 5*i - 10, i - 3 = s. Let c(z) be the third derivative of -z**6/120 - z**5/12 + 7*z**3/6 - 5*z**2. What is c(s)?
7
Let l(b) be the third derivative of -2*b**5/15 + b**4/24 - b**2. Suppose -3*g + 5*x - 2 = 0, 0 = -x + 3*x - 2. Determine l(g).
-7
Let z(n) be the second derivative of 5*n**3/6 + 3